 of m**5/40 - m**4/24 + 7*m**3/3 + 6. Let r(x) be the third derivative of j(x). What are the prime factors of r(7)?
2, 5
What are the prime factors of 3495 - (-10 - 18/(-6))?
2, 17, 103
Suppose 92*o - 52640 = 24088. What are the prime factors of o?
2, 3, 139
Suppose -24 = m - 4*j, m + 2*j - 4*j + 22 = 0. Let c = -63 - -95. Let q = m + c. List the prime factors of q.
2, 3
Let t(o) = 19*o**2 - 4. Let u(n) = -3*n - 4. Let j be u(-2). Suppose 3*r - 3*i = -12, j*i + 3*i = -5*r. What are the prime factors of t(r)?
2, 3
Let f = 895 - -498. What are the prime factors of f?
7, 199
List the prime factors of 144*(-3 + 1)/((-32)/24).
2, 3
Suppose f + 2*w = -2*f + 13, -w + 5 = f. Suppose f*p - 2079 = -8*p. What are the prime factors of p?
3, 7
Let c(k) be the second derivative of -k**6/240 + 7*k**4/12 - 3*k. Let o(s) be the third derivative of c(s). What are the prime factors of o(-2)?
2, 3
Suppose -52 = -46*k + 115362. List the prime factors of k.
13, 193
Suppose -2*d = -24 - 38. Suppose d + 53 = 2*h. What are the prime factors of h?
2, 3, 7
Let p = 105 - 105. Suppose -3*g + 549 = -b - 4*b, p = -5*g - 3*b + 881. List the prime factors of g.
2, 89
What are the prime factors of (-148 - 1)*6/(-2)?
3, 149
Let x(j) = 3*j**3 + 4*j - 3. Let q be x(1). Suppose -99 + 867 = q*b. What are the prime factors of b?
2, 3
Let c = -216 + 945. What are the prime factors of c?
3
Suppose 15 - 114 = -5*f + 3*h, -2*f = -3*h - 36. Suppose 5*z - 45 = -5*m, 4*m + 0*z = -z + f. List the prime factors of m.
2
Suppose -2*z + 2*s = -18, 0*z + 3*z - 4*s - 30 = 0. Let y be (-8*3/z)/(-2). Suppose -3*b + 13 = 1, y*b - 134 = -3*m. What are the prime factors of m?
2, 3, 7
Let d(u) = u**2 + 15*u + 41. Let w be d(-12). Suppose -w*f - 120 = -2*s, 2*f - 3*f = -4. List the prime factors of s.
2, 5, 7
Suppose -168 - 12 = 3*v. Let b be -5 + 6 + v/(-1). Suppose -2*o = -u - b, -5*o + 0*u + 149 = u. List the prime factors of o.
2, 3, 5
Let n be 38/3 + 6/(-9). Let w be (1/(-1))/((-6)/n). Suppose -w*p + 15 + 49 = 0. What are the prime factors of p?
2
Let r = 11 + -10. What are the prime factors of (r - 2)/((-7)/2219)?
317
Suppose o - 8 = -o. Let j be -4*(3 - o)*-1. What are the prime factors of 2/(2 + j) + 31?
2, 3, 5
Let i(m) be the third derivative of m**5/60 - m**4/24 - m**3/3 - 2*m**2. Let c be i(10). Let d = c - 49. List the prime factors of d.
3, 13
Suppose n + 2*c - 11 = 7, 3*n + c = 59. Let o(w) = -18*w - 13. Let p be o(3). List the prime factors of n - 17 - 1*p.
2, 5, 7
Let f(b) = 33*b - 303. What are the prime factors of f(25)?
2, 3, 29
Suppose 5*x = -4*b - 511, 0 = -4*b + 4*x + 103 - 659. Let o = b + 192. List the prime factors of o.
2, 29
Suppose 12 = 3*i + 2*t, 2*i = -0*i + t + 8. Suppose -3*y = -3*m - 9, 2*y - 5*m = 6*y - 21. Suppose y*x + o = x + 22, -i*o - 8 = 0. List the prime factors of x.
2
Let u = 1401 + 102. What are the prime factors of u?
3, 167
Let a be ((-4)/6)/((-4)/570). Let b be a + 0 - (1 + -2). Suppose -9*o = -6*o - b. What are the prime factors of o?
2
Let m be (-8)/12*(-3 + 9/1). List the prime factors of (-2868)/(-27) + (-3)/((-54)/m).
2, 53
Let d(k) be the second derivative of 2*k**3/3 - k**2 + 10*k. Let t = 3 + 0. List the prime factors of d(t).
2, 5
Let r = -80 - -149. Suppose -66*q - 519 = -r*q. List the prime factors of q.
173
Let j = -348 - -715. What are the prime factors of j?
367
Let u(x) = 3*x. Let s = 20 - 18. Let z be u(s). Suppose -z*i + 255 = -i. What are the prime factors of i?
3, 17
Suppose -1011*x + 1495 = -1010*x. List the prime factors of x.
5, 13, 23
Let t = -13 - 0. Let f = -11 - t. Suppose 4*y + 2*q - 42 = 0, 2*y - 3*y - 3*q = f. What are the prime factors of y?
13
Suppose -4*v + 202 = -6. Suppose -4*m + 112 = -v. What are the prime factors of m?
41
Suppose 0 - 12 = -4*k, -5*k = 4*q - 523. Suppose q = 2*z + 7. What are the prime factors of z?
2, 3, 5
Let j(s) be the second derivative of -s**5/20 + s**4/3 - s**3/2 + 7*s**2/2 - 4*s. Let a be j(5). Let z = 54 + a. List the prime factors of z.
3, 7
Suppose -2*u - 148 = -2*m, m = -4*u + 4*m - 298. What are the prime factors of (25/20)/((-1)/u)?
5, 19
Suppose 4*y + 3825 = 3*b + 7*y, -4*y = 3*b - 3822. List the prime factors of b.
2, 3, 71
Let m be (57/(-4))/((-5)/20). Suppose 6*q - 484 = 14. Suppose -m - q = -5*b. What are the prime factors of b?
2, 7
Suppose 0 = -d - 32*d + 48675. List the prime factors of d.
5, 59
Suppose -17*k + 51 = -20*k. Let o(d) = -4*d - 1. List the prime factors of o(k).
67
Suppose -o - 1 = 0, 5*r + o = -91 - 25. Let z be 2/(-7) - r/7. Suppose z*f - m - 30 + 1 = 0, -4*f + 3*m + 37 = 0. What are the prime factors of f?
2, 5
List the prime factors of (6537/18 - -3) + 7/(-42).
2, 3, 61
Suppose -14534 = -4*b + 3*y, 41*y - 43*y + 3628 = b. What are the prime factors of b?
2, 227
Suppose 12*i - 44758 = -15478. List the prime factors of i.
2, 5, 61
Let j = 56 + -40. Suppose -13*s - 126 = -j*s. List the prime factors of s.
2, 3, 7
Suppose 3*a = -a + 12. List the prime factors of 3/a - 5 - -44.
2, 5
Suppose 2*n = 7 + 3. Suppose 0 = n*d - 3 - 2. Suppose 3*z = d + 32. List the prime factors of z.
11
Let s(u) = 12*u + 43. What are the prime factors of s(-3)?
7
Suppose -3364*g + 3377*g - 63752 = 0. List the prime factors of g.
2, 613
Let h = -180 + 169. Let o(x) = -x**3 - 10*x**2 + 8*x + 14. List the prime factors of o(h).
47
Suppose 3*r + 227 = -208. Let b = r - -203. Let t = b - 19. List the prime factors of t.
3, 13
Suppose 28*j - 13781 - 43087 = 0. List the prime factors of j.
3, 677
Suppose -5*c + 1125 = v - 377, -3*v - c = -4576. What are the prime factors of v?
3, 509
Let a(g) = g**3 - 12*g**2 + 24*g - 32. Let x be a(10). What are the prime factors of 62/(((-2)/6)/(x/(-6)))?
2, 31
What are the prime factors of 3/(-24) - 2865/24*-11?
13, 101
List the prime factors of 2/5 - (-9)/(90/6596).
2, 3, 5, 11
List the prime factors of (21 + -3 + 1)*103.
19, 103
Let m(a) = -a**3 + 4*a**2 + 5. Let u(p) = p**2 - 4*p - 8. Let c be u(6). Let z be m(c). Suppose -z*y + 30 = -45. What are the prime factors of y?
3, 5
Let v(t) = 175*t**2 - 28*t + 83. What are the prime factors of v(3)?
2, 787
Let b(i) = i**2 - i - 3. Let s be b(-3). Let u(m) = 11*m + 15. List the prime factors of u(s).
2, 3, 19
Let i(h) = -5*h**3 - 22*h**2 - 24*h - 29. Let q(t) = -6*t**3 - 22*t**2 - 23*t - 29. Let l(k) = 5*i(k) - 4*q(k). What are the prime factors of l(-21)?
2, 59
Let y be 216/(-16)*2/1. Let r = y + 18. Let i = 9 - r. What are the prime factors of i?
2, 3
Suppose -3*l = -2 - 7. Let m(j) = 17*j + 10. Let x be m(l). Suppose x = 5*z - 129. List the prime factors of z.
2, 19
Suppose -2*z + 5*j - 3*j = 0, -3*z + 4 = -j. Let x be ((-3)/(-2))/(z/(-100)). Let w = -37 - x. List the prime factors of w.
2, 19
Let i = 48 + -18. Let x be 105/(-2)*140/i. What are the prime factors of x/(-15) - (-4)/6?
17
Suppose 3*s - 6462 = -2*c - c, -2*s + 4301 = -5*c. What are the prime factors of s?
2153
Let m = -430 - -230. Let i = m - -285. List the prime factors of i.
5, 17
Let h = 36 + -38. What are the prime factors of (-132 - -8)*h/8?
31
What are the prime factors of 381/(7 + (-149)/19 + 1)?
19, 127
Suppose 6*u - 2*w = 26112, -3*w + 10862 + 6559 = 4*u. List the prime factors of u.
3, 1451
Suppose 0 = -p - 2*p - 6, -d + 3*p + 33 = 0. Suppose 4*h + d = -1. Let v(t) = t**3 + 6*t**2 - 8*t + 9. What are the prime factors of v(h)?
2
Let w(c) = 4*c**2 - c + 1. Let u be w(1). Suppose 5*i = -2*f - 16 + 238, -2*i + 100 = -2*f. Suppose u = -2*h + i. What are the prime factors of h?
3, 7
Suppose 4*n - 9776 = -4*i + 1128, -4*i - 8206 = -3*n. Suppose -4*l + n = 6*l. List the prime factors of l.
3, 7, 13
Let n(i) = -i**3 - 7*i**2 - i + 3. Let s(a) = -a**2 - 5*a + 3. Let t be s(-5). Suppose -2*j = 17 - t. What are the prime factors of n(j)?
2, 5
Let n be 2/3*-3 + 8. Let i = -5 + n. List the prime factors of (-2 + i)/((-1)/25).
5
Suppose 14 = 2*z - 2*n, 16 - 46 = -4*z + 2*n. Let s(r) = 2*r**2 - 6*r + 11. What are the prime factors of s(z)?
7, 13
Suppose -5*j = -3*j - 236. Let i = j - 75. Let w = 64 - i. List the prime factors of w.
3, 7
Let n(w) = -w**2 + 8*w - 8. Let b be n(6). Suppose p + 3 = 2*y, -b*y + 27 = -p + 6*p. What are the prime factors of y/(0 + (-2)/(-14))?
3, 7
Let y(g) = -g**3 - 3*g**2 + 13*g + 6. Let b be y(-5). Let i = 76 + b. What are